{"id":281601,"date":"2024-06-26T13:11:44","date_gmt":"2024-06-26T11:11:44","guid":{"rendered":"https:\/\/dhcp205002.cbm.uam.es\/index.php\/empleo-y-formacion\/comite-predoc-postdoc\/"},"modified":"2025-12-02T18:09:02","modified_gmt":"2025-12-02T17:09:02","slug":"comite-predoc-postdoc","status":"publish","type":"page","link":"https:\/\/www.cbm.uam.es\/index.php\/careers-and-training\/comite-predoc-postdoc\/?lang=es","title":{"rendered":"Comit\u00e9 Predoc &amp; Postdoc"},"content":{"rendered":"<p>[et_pb_section fb_built=&#8221;1&#8243; _builder_version=&#8221;4.25.2&#8243; _module_preset=&#8221;default&#8221; background_color=&#8221;#34609B&#8221; background_image=&#8221;https:\/\/www.cbm.uam.es\/wp-content\/uploads\/2024\/06\/phds.jpg&#8221; parallax=&#8221;on&#8221; min_height=&#8221;352px&#8221; height=&#8221;294px&#8221; da_disable_devices=&#8221;off|off|off&#8221; global_colors_info=&#8221;{}&#8221; da_is_popup=&#8221;off&#8221; da_exit_intent=&#8221;off&#8221; da_has_close=&#8221;on&#8221; da_alt_close=&#8221;off&#8221; da_dark_close=&#8221;off&#8221; da_not_modal=&#8221;on&#8221; da_is_singular=&#8221;off&#8221; da_with_loader=&#8221;off&#8221; da_has_shadow=&#8221;on&#8221;][et_pb_row column_structure=&#8221;2_5,3_5&#8243; use_custom_gutter=&#8221;on&#8221; gutter_width=&#8221;4&#8243; _builder_version=&#8221;4.23.4&#8243; _module_preset=&#8221;default&#8221; background_color=&#8221;RGBA(255,255,255,0)&#8221; custom_margin=&#8221;60px|auto||auto|false|false&#8221; custom_padding=&#8221;||0px|||&#8221; global_colors_info=&#8221;{}&#8221;][et_pb_column type=&#8221;2_5&#8243; _builder_version=&#8221;4.23.4&#8243; _module_preset=&#8221;default&#8221; background_color=&#8221;rgba(52,96,155,0.94)&#8221; custom_padding=&#8221;50px||50px|50px|false|false&#8221; border_radii=&#8221;on|15px|15px|15px|15px&#8221; global_colors_info=&#8221;{}&#8221;][et_pb_text _builder_version=&#8221;4.25.2&#8243; _module_preset=&#8221;default&#8221; text_text_color=&#8221;#FFFFFF&#8221; custom_margin=&#8221;0px||10px||false|false&#8221; custom_padding=&#8221;0px||0px||false|false&#8221; global_colors_info=&#8221;{}&#8221;]<\/p>\n<p>Empleo y formaci\u00f3n<\/p>\n<p>[\/et_pb_text][et_pb_heading title=&#8221;Comit\u00e9 Predoc &amp; Postdoc&#8221; _builder_version=&#8221;4.25.2&#8243; _module_preset=&#8221;default&#8221; title_font=&#8221;Montserrat||||||||&#8221; title_text_color=&#8221;#FFFFFF&#8221; title_font_size=&#8221;38px&#8221; title_line_height=&#8221;1.1em&#8221; global_colors_info=&#8221;{}&#8221;][\/et_pb_heading][\/et_pb_column][et_pb_column type=&#8221;3_5&#8243; _builder_version=&#8221;4.23.4&#8243; _module_preset=&#8221;default&#8221; custom_padding=&#8221;157px||||false|false&#8221; custom_padding_tablet=&#8221;157px||||false|false&#8221; custom_padding_phone=&#8221;30px||||false|false&#8221; custom_padding_last_edited=&#8221;on|phone&#8221; global_colors_info=&#8221;{}&#8221;][et_pb_menu menu_id=&#8221;13&#8243; active_link_color=&#8221;#34609B&#8221; _builder_version=&#8221;4.25.2&#8243; _module_preset=&#8221;default&#8221; custom_margin=&#8221;-18px||||false|false&#8221; global_colors_info=&#8221;{}&#8221;][\/et_pb_menu][\/et_pb_column][\/et_pb_row][\/et_pb_section][et_pb_section fb_built=&#8221;1&#8243; _builder_version=&#8221;4.23.4&#8243; _module_preset=&#8221;default&#8221; background_enable_image=&#8221;off&#8221; background_size=&#8221;custom&#8221; background_image_height=&#8221;84%&#8221; background_position=&#8221;bottom_right&#8221; da_disable_devices=&#8221;off|off|off&#8221; global_colors_info=&#8221;{}&#8221; da_is_popup=&#8221;off&#8221; da_exit_intent=&#8221;off&#8221; da_has_close=&#8221;on&#8221; da_alt_close=&#8221;off&#8221; da_dark_close=&#8221;off&#8221; da_not_modal=&#8221;on&#8221; da_is_singular=&#8221;off&#8221; da_with_loader=&#8221;off&#8221; da_has_shadow=&#8221;on&#8221;][et_pb_row _builder_version=&#8221;4.23.4&#8243; _module_preset=&#8221;default&#8221; custom_margin=&#8221;||0px||false|false&#8221; custom_padding=&#8221;||0px||false|false&#8221; global_colors_info=&#8221;{}&#8221;][et_pb_column type=&#8221;4_4&#8243; _builder_version=&#8221;4.23.4&#8243; _module_preset=&#8221;default&#8221; global_colors_info=&#8221;{}&#8221;][\/et_pb_column][\/et_pb_row][et_pb_row column_structure=&#8221;1_3,2_3&#8243; _builder_version=&#8221;4.23.4&#8243; _module_preset=&#8221;default&#8221; custom_margin=&#8221;30px||||false|false&#8221; custom_padding=&#8221;0px||||false|false&#8221; global_colors_info=&#8221;{}&#8221;][et_pb_column type=&#8221;1_3&#8243; _builder_version=&#8221;4.23.4&#8243; _module_preset=&#8221;default&#8221; background_color=&#8221;rgba(204,209,209,0.18)&#8221; custom_padding=&#8221;15px|15px|15px|15px|true|true&#8221; global_colors_info=&#8221;{}&#8221;][et_pb_blurb title=&#8221;Presidenta del Comit\u00e9&#8221; use_icon=&#8221;on&#8221; font_icon=&#8221;&#x57;||divi||400&#8243; icon_color=&#8221;#13B5BD&#8221; icon_placement=&#8221;left&#8221; image_icon_width=&#8221;25px&#8221; _builder_version=&#8221;4.25.2&#8243; _module_preset=&#8221;default&#8221; header_text_align=&#8221;left&#8221; header_text_color=&#8221;#34609B&#8221; image_icon_custom_margin=&#8221;-3px|-1px|||false|false&#8221; image_icon_custom_padding=&#8221;|0px|||false|false&#8221; custom_margin=&#8221;|-1px||0px|false|false&#8221; global_colors_info=&#8221;{}&#8221;][\/et_pb_blurb][et_pb_blurb title=&#8221;Joana Segura Mart\u00ednez&#8221; image=&#8221;\/imgs\/5693.jpg&#8221; image_icon_width=&#8221;200px&#8221; module_class=&#8221;roundedImg&#8221; _builder_version=&#8221;4.27.4&#8243; _module_preset=&#8221;default&#8221; header_text_align=&#8221;center&#8221; header_font_size=&#8221;14px&#8221; global_colors_info=&#8221;{}&#8221;][\/et_pb_blurb][et_pb_blurb title=&#8221;Secretario del Comit\u00e9&#8221; use_icon=&#8221;on&#8221; font_icon=&#8221;&#x57;||divi||400&#8243; icon_color=&#8221;#13B5BD&#8221; icon_placement=&#8221;left&#8221; image_icon_width=&#8221;25px&#8221; _builder_version=&#8221;4.27.4&#8243; _module_preset=&#8221;default&#8221; header_text_align=&#8221;left&#8221; header_text_color=&#8221;#34609B&#8221; image_icon_custom_margin=&#8221;-3px|-1px|||false|false&#8221; image_icon_custom_padding=&#8221;|0px|||false|false&#8221; custom_margin=&#8221;|-1px||0px|false|false&#8221; global_colors_info=&#8221;{}&#8221;][\/et_pb_blurb][et_pb_blurb title=&#8221;Valent\u00edn Riomoros Barahona&#8221; image=&#8221;https:\/\/www.cbm.uam.es\/imgs\/5790.jpg&#8221; image_icon_width=&#8221;200px&#8221; module_class=&#8221;roundedImg&#8221; _builder_version=&#8221;4.27.4&#8243; _module_preset=&#8221;default&#8221; header_text_align=&#8221;center&#8221; header_font_size=&#8221;14px&#8221; global_colors_info=&#8221;{}&#8221;][\/et_pb_blurb][et_pb_blurb title=&#8221;Informaci\u00f3n de contacto&#8221; use_icon=&#8221;on&#8221; font_icon=&#8221;&#x57;||divi||400&#8243; icon_color=&#8221;#13B5BD&#8221; icon_placement=&#8221;left&#8221; image_icon_width=&#8221;25px&#8221; _builder_version=&#8221;4.25.0&#8243; _module_preset=&#8221;default&#8221; header_text_align=&#8221;left&#8221; header_text_color=&#8221;#34609B&#8221; body_font_size=&#8221;11px&#8221; body_line_height=&#8221;1.6em&#8221; image_icon_custom_margin=&#8221;-3px|-1px|||false|false&#8221; image_icon_custom_padding=&#8221;|0px|||false|false&#8221; custom_margin=&#8221;|-1px||0px|false|false&#8221; global_colors_info=&#8221;{}&#8221;][\/et_pb_blurb][et_pb_blurb title=&#8221;prepost_committee@cbm.csic.es&#8221; use_icon=&#8221;on&#8221; font_icon=&#8221;&#xe076;||divi||400&#8243; icon_color=&#8221;#008C93&#8243; icon_placement=&#8221;left&#8221; image_icon_width=&#8221;16px&#8221; _builder_version=&#8221;4.25.2&#8243; _module_preset=&#8221;default&#8221; header_font_size=&#8221;11px&#8221; image_icon_custom_margin=&#8221;|-5px||50px|false|false&#8221; global_colors_info=&#8221;{}&#8221;][\/et_pb_blurb][\/et_pb_column][et_pb_column type=&#8221;2_3&#8243; _builder_version=&#8221;4.23.4&#8243; _module_preset=&#8221;default&#8221; global_colors_info=&#8221;{}&#8221;][et_pb_text _builder_version=&#8221;4.25.2&#8243; _module_preset=&#8221;default&#8221; global_colors_info=&#8221;{}&#8221;]<\/p>\n<p>El Comit\u00e9 Predoc y Postdoc (P&amp;P) es una iniciativa creada por y para nuestros investigadores predoctorales y postdoctorales.<br \/>Con apoyo de la Direcci\u00f3n, los \u00f3rganos de gobierno y el Consejo Cient\u00edfico Asesor Externo del CBM, este comit\u00e9 tiene como objetivo fortalecer nuestra comunidad, atender nuestras necesidades y contribuir al enriquecimiento social y acad\u00e9mico durante nuestra estancia en el CBM.<br \/>La participaci\u00f3n activa de todos los miembros de la comunidad P&amp;P es bienvenida, y os animamos a implicaros en las actividades de nuestro comit\u00e9.<br \/>Si tienes preguntas, sugerencias o inter\u00e9s por formar parte del Comit\u00e9 P&amp;P, no dudes en ponerte en contacto con nosotros.<\/p>\n<p>[\/et_pb_text][et_pb_image src=&#8221;https:\/\/www.cbm.uam.es\/wp-content\/uploads\/2025\/12\/Foto-del-comite-pp-scaled.jpg&#8221; title_text=&#8221;Foto-del-comite p&amp;p&#8221; _builder_version=&#8221;4.27.4&#8243; _module_preset=&#8221;default&#8221; global_colors_info=&#8221;{}&#8221;][\/et_pb_image][et_pb_accordion open_toggle_text_color=&#8221;#34609B&#8221; closed_toggle_background_color=&#8221;#008C93&#8243; toggle_icon=&#8221;&#xe033;||divi||400&#8243; _builder_version=&#8221;4.27.4&#8243; _module_preset=&#8221;default&#8221; toggle_text_color=&#8221;#FFFFFF&#8221; animation_style=&#8221;fold&#8221; animation_direction=&#8221;top&#8221; hover_enabled=&#8221;0&#8243; global_colors_info=&#8221;{}&#8221; sticky_enabled=&#8221;0&#8243;][et_pb_accordion_item title=&#8221;Vacio&#8221; open=&#8221;on&#8221; _builder_version=&#8221;4.23.4&#8243; _module_preset=&#8221;default&#8221; custom_css_main_element=&#8221;display: none;&#8221; global_colors_info=&#8221;{}&#8221;][\/et_pb_accordion_item][et_pb_accordion_item title=&#8221;Objetivos y funciones del Comit\u00e9 P&amp;P&#8221; closed_toggle_background_color=&#8221;#34609B&#8221; icon_color=&#8221;#FFFFFF&#8221; toggle_icon=&#8221;&#xf140;||fa||900&#8243; _builder_version=&#8221;4.25.2&#8243; _module_preset=&#8221;default&#8221; global_colors_info=&#8221;{}&#8221; open=&#8221;off&#8221;]<\/p>\n<p>Los objetivos del Comit\u00e9 de Predoc y Postdoc de CBM son:<br \/>\u2013 Representar: Ser la voz de la comunidad P&amp;P ante los \u00f3rganos de gobierno del CBM y otros organismos relevantes.<br \/>&#8211; Identificar y Actuar: Conocer y abordar las necesidades y problemas que afectan a la comunidad P&amp;P del centro.<br \/>&#8211; Crear Comunidad: Fomentar la consolidaci\u00f3n de una comunidad social y acad\u00e9mica entre los miembros P&amp;P del CBM.<br \/>&#8211; Promover: Organizar eventos de inter\u00e9s para la comunidad de P&amp;P, fomentando la colaboraci\u00f3n y el intercambio de conocimientos.<br \/>&#8211; Bienvenida: Facilitar la integraci\u00f3n de los nuevos miembros de la comunidad P&amp;P, proporcion\u00e1ndoles apoyo y orientaci\u00f3n.<br \/>&#8211; Conectar: Servir de enlace entre la comunidad P&amp;P y otros grupos o servicios internos, as\u00ed como establecer conexiones con organizaciones externas.<br \/>&#8211; Influenciar: Fomentar e influir en el programa de formaci\u00f3n del CBM, garantizando un entorno de formaci\u00f3n que responda a nuestras necesidades y aspiraciones.<\/p>\n<p>[\/et_pb_accordion_item][et_pb_accordion_item title=&#8221;Miembros del comit\u00e9&#8221; closed_toggle_background_color=&#8221;#34609B&#8221; icon_color=&#8221;#FFFFFF&#8221; toggle_icon=&#8221;&#xf0c0;||fa||900&#8243; _builder_version=&#8221;4.27.4&#8243; _module_preset=&#8221;default&#8221; hover_enabled=&#8221;0&#8243; global_colors_info=&#8221;{}&#8221; open=&#8221;off&#8221; sticky_enabled=&#8221;0&#8243;]<\/p>\n<p class=\"p1\">Presidenta del Comit\u00e9: Joana Segura Mart\u00ednez<br \/>Secretario del Comit\u00e9: Valent\u00edn Riomoros Barahona<\/p>\n<table cellspacing=\"0\" cellpadding=\"0\" class=\"t1\">\n<tbody>\n<tr>\n<td valign=\"top\" class=\"td1\">\n<p class=\"p2\">Nombre<\/p>\n<\/td>\n<td valign=\"top\" class=\"td1\">\n<p class=\"p2\">Cargo<\/p>\n<\/td>\n<td valign=\"top\" class=\"td1\">\n<p class=\"p2\">Programa Cient\u00edfico<\/p>\n<\/td>\n<td valign=\"top\" class=\"td1\">\n<p class=\"p2\">Email<\/p>\n<\/td>\n<\/tr>\n<tr>\n<td valign=\"top\" class=\"td1\">\n<p class=\"p2\">Joana Segura Mart\u00ednez<\/p>\n<\/td>\n<td valign=\"top\" class=\"td1\">\n<p class=\"p2\">Postdoc<\/p>\n<\/td>\n<td valign=\"top\" class=\"td1\">\n<p class=\"p2\">Din\u00e1mica y funci\u00f3n del genoma<\/p>\n<\/td>\n<td valign=\"top\" class=\"td1\">\n<p class=\"p2\">joana.segura(at)cbm.csic.es<\/p>\n<\/td>\n<\/tr>\n<tr>\n<td valign=\"top\" class=\"td1\">\n<p class=\"p2\">Nerea Murugarren Garrido<\/p>\n<\/td>\n<td valign=\"top\" class=\"td1\">\n<p class=\"p2\">Predoc<\/p>\n<\/td>\n<td valign=\"top\" class=\"td1\">\n<p class=\"p2\">Din\u00e1mica y funci\u00f3n del genoma<\/p>\n<\/td>\n<td valign=\"top\" class=\"td1\">\n<p class=\"p2\">nmurugarren(at)cbm.csic.es<\/p>\n<\/td>\n<\/tr>\n<tr>\n<td valign=\"top\" class=\"td1\">\n<p class=\"p2\">Miguel Palma Cobo<\/p>\n<\/td>\n<td valign=\"top\" class=\"td1\">\n<p class=\"p2\">Predoc<\/p>\n<\/td>\n<td valign=\"top\" class=\"td1\">\n<p class=\"p2\">Homeostasis de tejidos y organos<\/p>\n<\/td>\n<td valign=\"top\" class=\"td1\">\n<p class=\"p2\">miguel.palma(at)cbm.csic.es<\/p>\n<\/td>\n<\/tr>\n<tr>\n<td valign=\"top\" class=\"td1\">\n<p class=\"p2\">Marta Alonso Moreno<\/p>\n<\/td>\n<td valign=\"top\" class=\"td1\">\n<p class=\"p2\">Predoc<\/p>\n<\/td>\n<td valign=\"top\" class=\"td1\">\n<p class=\"p2\">Procesos fisiol\u00f3gicos y patol\u00f3gicos<\/p>\n<\/td>\n<td valign=\"top\" class=\"td1\">\n<p class=\"p2\">marta.alonso(at)cbm.csic.es<\/p>\n<\/td>\n<\/tr>\n<tr>\n<td valign=\"top\" class=\"td1\">\n<p class=\"p2\">Celia Garc\u00eda Vilela<\/p>\n<\/td>\n<td valign=\"top\" class=\"td1\">\n<p class=\"p2\">Predoc<\/p>\n<\/td>\n<td valign=\"top\" class=\"td1\">\n<p class=\"p2\">Procesos fisiol\u00f3gicos y patol\u00f3gicos<\/p>\n<\/td>\n<td valign=\"top\" class=\"td1\">\n<p class=\"p2\">celia.garcia(at)cbm.csic.es<\/p>\n<\/td>\n<\/tr>\n<tr>\n<td valign=\"top\" class=\"td1\">\n<p class=\"p2\">In\u00e9s Anguiano Vara<\/p>\n<\/td>\n<td valign=\"top\" class=\"td1\">\n<p class=\"p2\">Predoc<\/p>\n<\/td>\n<td valign=\"top\" class=\"td1\">\n<p class=\"p2\">Procesos fisiol\u00f3gicos y patol\u00f3gicos<\/p>\n<\/td>\n<td valign=\"top\" class=\"td1\">\n<p class=\"p2\">ianguiano(at)cbm.csic.es<\/p>\n<\/td>\n<\/tr>\n<tr>\n<td valign=\"top\" class=\"td1\">\n<p class=\"p2\">Daniel Curbelo Pi\u00f1ero<\/p>\n<\/td>\n<td valign=\"top\" class=\"td1\">\n<p class=\"p2\">Predoc<\/p>\n<\/td>\n<td valign=\"top\" class=\"td1\">\n<p class=\"p2\">Procesos fisiol\u00f3gicos y patol\u00f3gicos<\/p>\n<\/td>\n<td valign=\"top\" class=\"td1\">\n<p class=\"p2\">daniel.curbelo(at)cbm.csic.es<\/p>\n<\/td>\n<\/tr>\n<tr>\n<td valign=\"top\" class=\"td1\">\n<p class=\"p2\">Antonio Lahera Alonso<\/p>\n<\/td>\n<td valign=\"top\" class=\"td1\">\n<p class=\"p2\">Postdoc<\/p>\n<\/td>\n<td valign=\"top\" class=\"td1\">\n<p class=\"p2\">Interacciones con el entorno<\/p>\n<\/td>\n<td valign=\"top\" class=\"td1\">\n<p class=\"p2\">a.lahera(at)cbm.csic.es<\/p>\n<\/td>\n<\/tr>\n<tr>\n<td valign=\"top\" class=\"td1\">\n<p class=\"p2\">Valent\u00edn Riomoros Barahona<\/p>\n<\/td>\n<td valign=\"top\" class=\"td1\">\n<p class=\"p2\">Predoc<\/p>\n<\/td>\n<td valign=\"top\" class=\"td1\">\n<p class=\"p2\">Interacciones con el entorno<\/p>\n<\/td>\n<td valign=\"top\" class=\"td1\">\n<p class=\"p2\">v.riomoros(at)cbm.csic.es<\/p>\n<\/td>\n<\/tr>\n<tr>\n<td valign=\"top\" class=\"td1\">\n<p class=\"p2\">Miryam Polo Hern\u00e1ndez<\/p>\n<\/td>\n<td valign=\"top\" class=\"td1\">\n<p class=\"p2\">Predoc<\/p>\n<\/td>\n<td valign=\"top\" class=\"td1\">\n<p class=\"p2\">Interacciones con el entorno<\/p>\n<\/td>\n<td valign=\"top\" class=\"td1\">\n<p class=\"p2\">mpolo(at)cbm.csic.es<\/p>\n<\/td>\n<\/tr>\n<\/tbody>\n<\/table>\n<p class=\"p1\">[\/et_pb_accordion_item][et_pb_accordion_item title=&#8221;Documentos&#8221; icon_color=&#8221;#FFFFFF&#8221; toggle_icon=&#8221;&#xe087;||divi||400&#8243; _builder_version=&#8221;4.25.2&#8243; _module_preset=&#8221;default&#8221; global_colors_info=&#8221;{}&#8221; open=&#8221;off&#8221;]<\/p>\n<p>Bienvenida al CBM<br \/>Mandato del Comit\u00e9 P&amp;P<\/p>\n<p>[\/et_pb_accordion_item][\/et_pb_accordion][\/et_pb_column][\/et_pb_row][\/et_pb_section]<\/p>\n","protected":false},"excerpt":{"rendered":"<p>Empleo y formaci\u00f3nEl Comit\u00e9 Predoc y Postdoc (P&amp;P) es una iniciativa creada por y para nuestros investigadores predoctorales y postdoctorales.Con apoyo de la Direcci\u00f3n, los \u00f3rganos de gobierno y el [&hellip;]<\/p>\n","protected":false},"author":53,"featured_media":0,"parent":281440,"menu_order":0,"comment_status":"closed","ping_status":"closed","template":"","meta":{"_et_pb_use_builder":"on","_et_pb_old_content":"","_et_gb_content_width":"","footnotes":""},"class_list":["post-281601","page","type-page","status-publish","hentry"],"yoast_head":"<!-- This site is optimized with the Yoast SEO plugin v27.4 - https:\/\/yoast.com\/product\/yoast-seo-wordpress\/ -->\n<title>Comit\u00e9 Predoc &amp; Postdoc - Centro de Biolog\u00eda Molecular Severo Ochoa<\/title>\n<meta name=\"robots\" content=\"index, follow, max-snippet:-1, max-image-preview:large, max-video-preview:-1\" \/>\n<link rel=\"canonical\" href=\"https:\/\/www.cbm.uam.es\/index.php\/careers-and-training\/comite-predoc-postdoc\/?lang=es\" \/>\n<meta property=\"og:locale\" content=\"en_US\" \/>\n<meta property=\"og:type\" content=\"article\" \/>\n<meta property=\"og:title\" content=\"Comit\u00e9 Predoc &amp; Postdoc - Centro de Biolog\u00eda Molecular Severo Ochoa\" \/>\n<meta property=\"og:description\" content=\"Empleo y formaci\u00f3nEl Comit\u00e9 Predoc y Postdoc (P&amp;P) es una iniciativa creada por y para nuestros investigadores predoctorales y postdoctorales.Con apoyo de la Direcci\u00f3n, los \u00f3rganos de gobierno y el [&hellip;]\" \/>\n<meta property=\"og:url\" content=\"https:\/\/www.cbm.uam.es\/index.php\/careers-and-training\/comite-predoc-postdoc\/?lang=es\" \/>\n<meta property=\"og:site_name\" content=\"Centro de Biolog\u00eda Molecular Severo Ochoa\" \/>\n<meta property=\"article:modified_time\" content=\"2025-12-02T17:09:02+00:00\" \/>\n<meta name=\"twitter:card\" content=\"summary_large_image\" \/>\n<meta name=\"twitter:label1\" content=\"Est. reading time\" \/>\n\t<meta name=\"twitter:data1\" content=\"7 minutes\" \/>\n<script type=\"application\/ld+json\" class=\"yoast-schema-graph\">{\"@context\":\"https:\\\/\\\/schema.org\",\"@graph\":[{\"@type\":\"WebPage\",\"@id\":\"https:\\\/\\\/www.cbm.uam.es\\\/index.php\\\/careers-and-training\\\/comite-predoc-postdoc\\\/?lang=es\",\"url\":\"https:\\\/\\\/www.cbm.uam.es\\\/index.php\\\/careers-and-training\\\/comite-predoc-postdoc\\\/?lang=es\",\"name\":\"Comit\u00e9 Predoc &amp; Postdoc - Centro de Biolog\u00eda Molecular Severo Ochoa\",\"isPartOf\":{\"@id\":\"https:\\\/\\\/www.cbm.uam.es\\\/?lang=es\\\/#website\"},\"datePublished\":\"2024-06-26T11:11:44+00:00\",\"dateModified\":\"2025-12-02T17:09:02+00:00\",\"breadcrumb\":{\"@id\":\"https:\\\/\\\/www.cbm.uam.es\\\/index.php\\\/careers-and-training\\\/comite-predoc-postdoc\\\/?lang=es#breadcrumb\"},\"inLanguage\":\"en-US\",\"potentialAction\":[{\"@type\":\"ReadAction\",\"target\":[\"https:\\\/\\\/www.cbm.uam.es\\\/index.php\\\/careers-and-training\\\/comite-predoc-postdoc\\\/?lang=es\"]}]},{\"@type\":\"BreadcrumbList\",\"@id\":\"https:\\\/\\\/www.cbm.uam.es\\\/index.php\\\/careers-and-training\\\/comite-predoc-postdoc\\\/?lang=es#breadcrumb\",\"itemListElement\":[{\"@type\":\"ListItem\",\"position\":1,\"name\":\"Portada\",\"item\":\"https:\\\/\\\/www.cbm.uam.es\\\/\"},{\"@type\":\"ListItem\",\"position\":2,\"name\":\"Empleo y formaci\u00f3n\",\"item\":\"https:\\\/\\\/www.cbm.uam.es\\\/index.php\\\/careers-and-training\\\/\"},{\"@type\":\"ListItem\",\"position\":3,\"name\":\"Comit\u00e9 Predoc &amp; Postdoc\"}]},{\"@type\":\"WebSite\",\"@id\":\"https:\\\/\\\/www.cbm.uam.es\\\/?lang=es\\\/#website\",\"url\":\"https:\\\/\\\/www.cbm.uam.es\\\/?lang=es\\\/\",\"name\":\"Centro de Biolog\u00eda Molecular Severo Ochoa\",\"description\":\"Official website of the CBM, CSIC - UAM. Biomedical research centre.\",\"publisher\":{\"@id\":\"https:\\\/\\\/www.cbm.uam.es\\\/?lang=es\\\/#organization\"},\"potentialAction\":[{\"@type\":\"SearchAction\",\"target\":{\"@type\":\"EntryPoint\",\"urlTemplate\":\"https:\\\/\\\/www.cbm.uam.es\\\/?lang=es\\\/?s={search_term_string}\"},\"query-input\":{\"@type\":\"PropertyValueSpecification\",\"valueRequired\":true,\"valueName\":\"search_term_string\"}}],\"inLanguage\":\"en-US\"},{\"@type\":\"Organization\",\"@id\":\"https:\\\/\\\/www.cbm.uam.es\\\/?lang=es\\\/#organization\",\"name\":\"Centro de Biolog\u00eda Molecular Severo Ochoa\",\"url\":\"https:\\\/\\\/www.cbm.uam.es\\\/?lang=es\\\/\",\"logo\":{\"@type\":\"ImageObject\",\"inLanguage\":\"en-US\",\"@id\":\"https:\\\/\\\/www.cbm.uam.es\\\/?lang=es\\\/#\\\/schema\\\/logo\\\/image\\\/\",\"url\":\"https:\\\/\\\/www.cbm.uam.es\\\/wp-content\\\/uploads\\\/2024\\\/11\\\/Logo-CBM-color-fondo-transparente.png\",\"contentUrl\":\"https:\\\/\\\/www.cbm.uam.es\\\/wp-content\\\/uploads\\\/2024\\\/11\\\/Logo-CBM-color-fondo-transparente.png\",\"width\":800,\"height\":342,\"caption\":\"Centro de Biolog\u00eda Molecular Severo Ochoa\"},\"image\":{\"@id\":\"https:\\\/\\\/www.cbm.uam.es\\\/?lang=es\\\/#\\\/schema\\\/logo\\\/image\\\/\"}}]}<\/script>\n<!-- \/ Yoast SEO plugin. -->","yoast_head_json":{"title":"Comit\u00e9 Predoc &amp; Postdoc - Centro de Biolog\u00eda Molecular Severo Ochoa","robots":{"index":"index","follow":"follow","max-snippet":"max-snippet:-1","max-image-preview":"max-image-preview:large","max-video-preview":"max-video-preview:-1"},"canonical":"https:\/\/www.cbm.uam.es\/index.php\/careers-and-training\/comite-predoc-postdoc\/?lang=es","og_locale":"en_US","og_type":"article","og_title":"Comit\u00e9 Predoc &amp; Postdoc - Centro de Biolog\u00eda Molecular Severo Ochoa","og_description":"Empleo y formaci\u00f3nEl Comit\u00e9 Predoc y Postdoc (P&amp;P) es una iniciativa creada por y para nuestros investigadores predoctorales y postdoctorales.Con apoyo de la Direcci\u00f3n, los \u00f3rganos de gobierno y el [&hellip;]","og_url":"https:\/\/www.cbm.uam.es\/index.php\/careers-and-training\/comite-predoc-postdoc\/?lang=es","og_site_name":"Centro de Biolog\u00eda Molecular Severo Ochoa","article_modified_time":"2025-12-02T17:09:02+00:00","twitter_card":"summary_large_image","twitter_misc":{"Est. reading time":"7 minutes"},"schema":{"@context":"https:\/\/schema.org","@graph":[{"@type":"WebPage","@id":"https:\/\/www.cbm.uam.es\/index.php\/careers-and-training\/comite-predoc-postdoc\/?lang=es","url":"https:\/\/www.cbm.uam.es\/index.php\/careers-and-training\/comite-predoc-postdoc\/?lang=es","name":"Comit\u00e9 Predoc &amp; Postdoc - Centro de Biolog\u00eda Molecular Severo Ochoa","isPartOf":{"@id":"https:\/\/www.cbm.uam.es\/?lang=es\/#website"},"datePublished":"2024-06-26T11:11:44+00:00","dateModified":"2025-12-02T17:09:02+00:00","breadcrumb":{"@id":"https:\/\/www.cbm.uam.es\/index.php\/careers-and-training\/comite-predoc-postdoc\/?lang=es#breadcrumb"},"inLanguage":"en-US","potentialAction":[{"@type":"ReadAction","target":["https:\/\/www.cbm.uam.es\/index.php\/careers-and-training\/comite-predoc-postdoc\/?lang=es"]}]},{"@type":"BreadcrumbList","@id":"https:\/\/www.cbm.uam.es\/index.php\/careers-and-training\/comite-predoc-postdoc\/?lang=es#breadcrumb","itemListElement":[{"@type":"ListItem","position":1,"name":"Portada","item":"https:\/\/www.cbm.uam.es\/"},{"@type":"ListItem","position":2,"name":"Empleo y formaci\u00f3n","item":"https:\/\/www.cbm.uam.es\/index.php\/careers-and-training\/"},{"@type":"ListItem","position":3,"name":"Comit\u00e9 Predoc &amp; Postdoc"}]},{"@type":"WebSite","@id":"https:\/\/www.cbm.uam.es\/?lang=es\/#website","url":"https:\/\/www.cbm.uam.es\/?lang=es\/","name":"Centro de Biolog\u00eda Molecular Severo Ochoa","description":"Official website of the CBM, CSIC - UAM. Biomedical research centre.","publisher":{"@id":"https:\/\/www.cbm.uam.es\/?lang=es\/#organization"},"potentialAction":[{"@type":"SearchAction","target":{"@type":"EntryPoint","urlTemplate":"https:\/\/www.cbm.uam.es\/?lang=es\/?s={search_term_string}"},"query-input":{"@type":"PropertyValueSpecification","valueRequired":true,"valueName":"search_term_string"}}],"inLanguage":"en-US"},{"@type":"Organization","@id":"https:\/\/www.cbm.uam.es\/?lang=es\/#organization","name":"Centro de Biolog\u00eda Molecular Severo Ochoa","url":"https:\/\/www.cbm.uam.es\/?lang=es\/","logo":{"@type":"ImageObject","inLanguage":"en-US","@id":"https:\/\/www.cbm.uam.es\/?lang=es\/#\/schema\/logo\/image\/","url":"https:\/\/www.cbm.uam.es\/wp-content\/uploads\/2024\/11\/Logo-CBM-color-fondo-transparente.png","contentUrl":"https:\/\/www.cbm.uam.es\/wp-content\/uploads\/2024\/11\/Logo-CBM-color-fondo-transparente.png","width":800,"height":342,"caption":"Centro de Biolog\u00eda Molecular Severo Ochoa"},"image":{"@id":"https:\/\/www.cbm.uam.es\/?lang=es\/#\/schema\/logo\/image\/"}}]}},"_links":{"self":[{"href":"https:\/\/www.cbm.uam.es\/index.php\/wp-json\/wp\/v2\/pages\/281601","targetHints":{"allow":["GET"]}}],"collection":[{"href":"https:\/\/www.cbm.uam.es\/index.php\/wp-json\/wp\/v2\/pages"}],"about":[{"href":"https:\/\/www.cbm.uam.es\/index.php\/wp-json\/wp\/v2\/types\/page"}],"author":[{"embeddable":true,"href":"https:\/\/www.cbm.uam.es\/index.php\/wp-json\/wp\/v2\/users\/53"}],"replies":[{"embeddable":true,"href":"https:\/\/www.cbm.uam.es\/index.php\/wp-json\/wp\/v2\/comments?post=281601"}],"version-history":[{"count":3,"href":"https:\/\/www.cbm.uam.es\/index.php\/wp-json\/wp\/v2\/pages\/281601\/revisions"}],"predecessor-version":[{"id":293018,"href":"https:\/\/www.cbm.uam.es\/index.php\/wp-json\/wp\/v2\/pages\/281601\/revisions\/293018"}],"up":[{"embeddable":true,"href":"https:\/\/www.cbm.uam.es\/index.php\/wp-json\/wp\/v2\/pages\/281440"}],"wp:attachment":[{"href":"https:\/\/www.cbm.uam.es\/index.php\/wp-json\/wp\/v2\/media?parent=281601"}],"curies":[{"name":"wp","href":"https:\/\/api.w.org\/{rel}","templated":true}]}}